en 367 is divided by 43?
23
Calculate the remainder when 295 is divided by 13.
9
Calculate the remainder when 274 is divided by 28.
22
What is the remainder when 6909 is divided by 36?
33
Calculate the remainder when 1309 is divided by 230.
159
What is the remainder when 1821 is divided by 544?
189
Calculate the remainder when 241 is divided by 106.
29
Calculate the remainder when 1331 is divided by 31.
29
What is the remainder when 195 is divided by 65?
0
What is the remainder when 1492 is divided by 296?
12
Calculate the remainder when 1305 is divided by 7.
3
Calculate the remainder when 202 is divided by 76.
50
What is the remainder when 37846 is divided by 152?
150
Calculate the remainder when 488 is divided by 163.
162
Calculate the remainder when 1163 is divided by 106.
103
Calculate the remainder when 1016 is divided by 25.
16
Calculate the remainder when 192 is divided by 175.
17
Calculate the remainder when 359 is divided by 20.
19
What is the remainder when 3666 is divided by 1213?
27
Calculate the remainder when 365 is divided by 53.
47
What is the remainder when 563 is divided by 187?
2
What is the remainder when 952 is divided by 15?
7
What is the remainder when 5875 is divided by 9?
7
What is the remainder when 5920 is divided by 6?
4
Calculate the remainder when 159 is divided by 41.
36
Calculate the remainder when 1567 is divided by 14.
13
Calculate the remainder when 231 is divided by 60.
51
What is the remainder when 157 is divided by 139?
18
Calculate the remainder when 137 is divided by 28.
25
Calculate the remainder when 48 is divided by 33.
15
What is the remainder when 634 is divided by 91?
88
What is the remainder when 9015 is divided by 56?
55
What is the remainder when 638 is divided by 64?
62
What is the remainder when 938 is divided by 94?
92
What is the remainder when 155 is divided by 52?
51
Calculate the remainder when 6117 is divided by 120.
117
What is the remainder when 70 is divided by 18?
16
What is the remainder when 1876 is divided by 308?
28
Calculate the remainder when 355 is divided by 312.
43
Calculate the remainder when 47 is divided by 44.
3
Calculate the remainder when 3581 is divided by 37.
29
What is the remainder when 2637 is divided by 188?
5
What is the remainder when 226 is divided by 91?
44
What is the remainder when 130 is divided by 73?
57
What is the remainder when 2252 is divided by 55?
52
Calculate the remainder when 581 is divided by 21.
14
What is the remainder when 124 is divided by 21?
19
Calculate the remainder when 1538 is divided by 9.
8
What is the remainder when 1460 is divided by 163?
156
What is the remainder when 61625 is divided by 71?
68
Calculate the remainder when 340 is divided by 18.
16
What is the remainder when 90 is divided by 24?
18
What is the remainder when 387 is divided by 57?
45
What is the remainder when 524 is divided by 3?
2
Calculate the remainder when 3924 is divided by 119.
116
Calculate the remainder when 397 is divided by 41.
28
What is the remainder when 979 is divided by 141?
133
Calculate the remainder when 232 is divided by 14.
8
Calculate the remainder when 759 is divided by 35.
24
Calculate the remainder when 557 is divided by 31.
30
Calculate the remainder when 21058 is divided by 270.
268
Calculate the remainder when 5756 is divided by 15.
11
Calculate the remainder when 122 is divided by 118.
4
Calculate the remainder when 42 is divided by 12.
6
Calculate the remainder when 96 is divided by 13.
5
What is the remainder when 801 is divided by 12?
9
Calculate the remainder when 103 is divided by 35.
33
What is the remainder when 942 is divided by 930?
12
What is the remainder when 1059 is divided by 516?
27
What is the remainder when 1049 is divided by 47?
15
Calculate the remainder when 397 is divided by 42.
19
Calculate the remainder when 97 is divided by 33.
31
Calculate the remainder when 1397 is divided by 462.
11
Calculate the remainder when 534 is divided by 45.
39
What is the remainder when 41 is divided by 28?
13
What is the remainder when 165 is divided by 22?
11
What is the remainder when 370 is divided by 118?
16
What is the remainder when 227 is divided by 101?
25
Calculate the remainder when 14299 is divided by 9.
7
What is the remainder when 555 is divided by 13?
9
Calculate the remainder when 735 is divided by 626.
109
Calculate the remainder when 258 is divided by 35.
13
What is the remainder when 5305 is divided by 19?
4
What is the remainder when 878 is divided by 49?
45
Calculate the remainder when 1031 is divided by 94.
91
Calculate the remainder when 457 is divided by 123.
88
Calculate the remainder when 1608 is divided by 46.
44
Calculate the remainder when 940 is divided by 19.
9
Calculate the remainder when 73 is divided by 13.
8
What is the remainder when 62 is divided by 22?
18
Calculate the remainder when 394 is divided by 21.
16
Calculate the remainder when 66 is divided by 28.
10
Calculate the remainder when 1221 is divided by 17.
14
Calculate the remainder when 669 is divided by 75.
69
What is the remainder when 509 is divided by 88?
69
Calculate the remainder when 6498 is divided by 20.
18
What is the remainder when 1231 is divided by 44?
43
Calculate the remainder when 390 is divided by 142.
106
What is the remainder when 564 is divided by 80?
4
What is the remainder when 1851 is divided by 613?
12
Calculate the remainder when 680 is divided by 175.
155
Calculate the remainder when 456 is divided by 162.
132
What is the remainder when 123 is divided by 32?
27
Calculate the remainder when 2228 is divided by 80.
68
Calculate the remainder when 1921 is divided by 74.
71
What is the remainder when 1170 is divided by 192?
18
Calculate the remainder when 256 is divided by 252.
4
What is the remainder when 519 is divided by 31?
23
What is the remainder when 399 is divided by 99?
3
What is the remainder when 1779 is divided by 204?
147
What is the remainder when 182 is divided by 11?
6
Calculate the remainder when 5723 is divided by 318.
317
Calculate the remainder when 756 is divided by 737.
19
What is the remainder when 349 is divided by 14?
13
Calculate the remainder when 1217 is divided by 58.
57
What is the remainder when 962 is divided by 944?
18
What is the remainder when 240 is divided by 4?
0
What is the remainder when 201 is divided by 34?
31
Calculate the remainder when 225 is divided by 79.
67
Calculate the remainder when 266 is divided by 30.
26
Calculate the remainder when 151 is divided by 9.
7
Calculate the remainder when 1512 is divided by 89.
88
What is the remainder when 196 is divided by 71?
54
Calculate the remainder when 8003 is divided by 51.
47
Calculate the remainder when 627 is divided by 21.
18
Calculate the remainder when 558 is divided by 275.
8
What is the remainder when 156 is divided by 97?
59
Calculate the remainder when 246 is divided by 239.
7
What is the remainder when 2294 is divided by 20?
14
What is the remainder when 89 is divided by 5?
4
Calculate the remainder when 300 is divided by 14.
6
Calculate the remainder when 112 is divided by 5.
2
What is the remainder when 641 is divided by 62?
21
What is the remainder when 573 is divided by 9?
6
Calculate the remainder when 539 is divided by 162.
53
What is the remainder when 439 is divided by 10?
9
What is the remainder when 212 is divided by 43?
40
Calculate the remainder when 1222 is divided by 102.
100
Calculate the remainder when 895 is divided by 308.
279
What is the remainder when 2802 is divided by 61?
57
What is the remainder when 100 is divided by 15?
10
What is the remainder when 501 is divided by 247?
7
What is the remainder when 339 is divided by 162?
15
What is the remainder when 1033 is divided by 74?
71
Calculate the remainder when 1063 is divided by 38.
37
Calculate the remainder when 12097 is divided by 109.
107
Calculate the remainder when 2895 is divided by 193.
0
Calculate the remainder when 69 is divided by 17.
1
Calculate the remainder when 354 is divided by 61.
49
What is the remainder when 83 is divided by 61?
22
What is the remainder when 43 is divided by 40?
3
Calculate the remainder when 218 is divided by 23.
11
Calculate the remainder when 607 is divided by 29.
27
Calculate the remainder when 2927 is div